q + 6. Let t be o(13). What is the tens digit of 1/6 - (-1 + (-401)/t)?
6
What is the hundreds digit of 1391 - (2 - -8 - 6)?
3
Suppose -60*x + 46*x = -24906. What is the units digit of x?
9
Suppose -25*u + 38*u - 5967 = 0. What is the hundreds digit of u?
4
What is the units digit of (-2)/(-6) - ((-38230)/15 + 13)?
6
Let q = 203 - -140. What is the hundreds digit of q?
3
Let j = 880 - 428. What is the tens digit of j?
5
What is the tens digit of (-3073)/(-2) + ((-22)/(-4) - 5)?
3
Let m be (5 + -11 + 5)/(2/222). Let o = -76 - m. What is the units digit of o?
5
Let z be -1*1*(-2 + (-5 - 2)). Suppose -27 = z*i - 10*i. What is the units digit of i?
7
Suppose -4*f = -f - 1419. What is the units digit of f?
3
Let s be (0 + -1)/((-28)/112). Suppose 751 = 3*f - s*b, 4*f + 0*b = 5*b + 1000. What is the hundreds digit of f?
2
Let l(n) = -62*n + 202. What is the tens digit of l(-33)?
4
Let h = 83 + -72. What is the tens digit of h/11*3/(6/148)?
7
Suppose 10*n - 8*n + 76 = 4*m, -3*m = -4*n - 47. What is the tens digit of m?
2
Let m = 600 - 67. What is the hundreds digit of m?
5
Let y be (-4)/14 - (-114)/(-42). Let u(z) = -2 - 2*z - 5*z - 2 - 4*z. What is the units digit of u(y)?
9
Suppose -78*v + 76508 = -16*v. What is the tens digit of v?
3
Suppose -3*t = -5*m - 33, 4*t + 14 = -3*m - 0*m. Let y(d) = d**3 + 5*d**2 - 7*d - 1. Let k be y(m). Suppose i = -k + 18. What is the units digit of i?
3
Let k = -16 + 22. Let b = -6 + k. What is the units digit of 4*-1*(b + -1)?
4
Let h = -1821 + 3276. What is the thousands digit of h?
1
Let i(r) be the first derivative of -r**3 + 7*r**2 + 5. Let h be i(6). Let n = h - -85. What is the units digit of n?
1
Suppose -2*i + 104 + 18 = 0. What is the units digit of (i + (-4 - -6))*2 - -3?
9
Let j(b) = b**3 - b**2 - 6*b + 9. Let w be j(6). Let k = w + 55. What is the tens digit of k?
0
Let h be 1 + 2/((-2)/(-41)). Let r = h - 12. Suppose m + r = 6*m. What is the units digit of m?
6
Let a(l) = -247*l + 24. What is the units digit of a(-1)?
1
Let j = -210 + 2366. What is the hundreds digit of j?
1
Suppose -4*h = 3*x - 26, -2*x = -6*x + h + 22. What is the units digit of x?
6
Let b = -98 + 169. Let x(g) = -2*g**2 - g - 6. Let a be x(-5). Let z = b + a. What is the units digit of z?
0
Suppose 4208 = 6*q + 2*q. What is the units digit of q?
6
Suppose -774 = -4*y - 5*y. What is the units digit of y?
6
Suppose 5*z = s + 25, -s + 10 + 5 = 3*z. Suppose 54 = 4*n + 46. Suppose -z + 17 = n*l. What is the units digit of l?
6
Let p(y) = 109*y - 12. What is the tens digit of p(4)?
2
Let j(w) = -1 - 6 + 13*w + 2 + 2*w**2 + w. What is the tens digit of j(-10)?
5
Suppose h + 5*j - 353 = 2*j, -2*h = -j - 685. Suppose -3*d + h = 4*w, 5*w = w + 8. What is the units digit of d?
2
Suppose 10568 = 16*d + 2728. What is the units digit of d?
0
Let t(x) = 2*x**3 - 5*x - 1 - 2 - 3*x**3 + 1 + 7*x**2. Let v be t(6). Suppose -6*u = -v*u - 32. What is the tens digit of u?
1
Let o = -520 + 2418. What is the thousands digit of o?
1
Suppose 0 = 3*l + 3*m + 39, 0 = -3*m + 8*m + 5. Let q be (-4)/l + (-28)/(-6). Suppose -145 = -5*x + 5*g, q*x - g - 124 = 1. What is the units digit of x?
4
Let i = 20 + -17. Let v(y) = 7*y**3 + 4*y**2. Let n be v(i). Suppose 0*t + n = 5*t. What is the units digit of t?
5
Suppose -m = -0*m - 60. Suppose 3*q = 5*y - 307, 4*y + 3*q = 191 + m. What is the tens digit of y?
6
Suppose 6*m - 26 = -14. What is the tens digit of (m - 1 - 4) + 364/4?
8
Let t(y) = y**2 + 14*y - 24. Let b be t(-18). Suppose -6*d + 3*d = -b. Suppose h + 0*h - d = 0. What is the tens digit of h?
1
Let c(i) = -10*i - 6*i**2 + 17 - 2*i**3 - 8 - 5. What is the tens digit of c(-4)?
7
Suppose 4*l - 2*f = 1058, -6*l - 4*f + 554 = -4*l. What is the units digit of l?
7
Let s(g) = 2*g**2 + 14*g + 8. Let z be s(-6). What is the tens digit of (z - -1)*(-58)/6?
2
Suppose -3*o + g = -13670, 4*o - 2*g + 1927 = 20151. What is the hundreds digit of o?
5
Let u be (-4)/(-3 + -1)*6. Let p be 3/(u/4) + 47. Suppose 3*t + 13 - p = 0. What is the tens digit of t?
1
Suppose -5 = 4*a - v, 2*a + 5*v = 6*a + 9. What is the tens digit of 21*(3 + (-1 - (0 - a)))?
2
Let k = 1296 - 924. What is the units digit of k?
2
Let g be 0 - 3 - 0 - -3. Suppose -3*n = -4*n + 4, -4*r - 2*n - 76 = g. What is the tens digit of 1/(-2) - r/2?
1
Let b(c) = 4430*c**2 + 11*c - 13. What is the tens digit of b(1)?
2
Let m(s) be the third derivative of -s**4/8 - 9*s**3/2 - 5*s**2. What is the units digit of m(-13)?
2
Suppose -2*x = -x + 2. Let f be (x + 21/9)*99. Suppose -f - 39 = -4*a. What is the units digit of a?
8
Let c(h) = 4 + 13*h - 8 - 57*h. Let t be c(-2). What is the units digit of (1/(-1))/((-7)/t)?
2
Suppose 244562 = 38*x + 52206. What is the tens digit of x?
6
Suppose s = 20 - 0. Suppose -s = 5*a - a, -3*x + 4*a + 167 = 0. What is the tens digit of x?
4
Suppose -w - 5*k - 17 = -5*w, -2*w + 8 = -2*k. Suppose -3*i - 18 = -w. Let q(a) = -a**3 - 5*a**2 - 5*a - 5. What is the units digit of q(i)?
0
Suppose -u = 3*k - 2*u - 1864, -4*k = -u - 2486. What is the hundreds digit of k?
6
Suppose 7*o = 735 - 42. What is the tens digit of o?
9
Let t = -20 - -23. Let j be t + 1 - (-82 - 21). Suppose 0 = 3*z - j + 20. What is the units digit of z?
9
Let z(q) = 3*q**3 + 30*q**2 - 4*q + 9. Let i(f) = -f**3 - 12*f**2 + 2*f - 4. Let n(g) = 5*i(g) + 2*z(g). Let h = 3 - 0. What is the units digit of n(h)?
1
Suppose -426 = -2*d - 4*y + 2*y, 1045 = 5*d + y. Let f = d + -130. What is the units digit of f?
8
Let x = 50 + -51. What is the units digit of (55/(-45) - x) + 816/27?
0
Let u be 2 + -3 + (-2 - -3). Suppose u = -4*s + 3*s. Suppose s = 2*z - z - 14. What is the units digit of z?
4
Let c(g) = -g - 14. Let m be c(-15). Let b(f) = 13*f**3 - 2*f**2 + f. Let q be b(m). Let j = q - -23. What is the units digit of j?
5
Suppose 81 = 5*w + 31. Let m = w + -7. Suppose 0 = j + y - 11 - 6, m*j + y - 43 = 0. What is the tens digit of j?
1
Let o(v) = -2*v**3 - 2*v**2 - v - 1. Let d be o(-5). Let c be d/(-3 + 7) - 0. What is the units digit of (-6 + 0)/2 + c?
8
Let o = -256 - -518. Suppose 5*j - o = -3*a, -2*a + 166 - 4 = -3*j. What is the units digit of a?
4
Let m be ((-79)/(-2 - -3))/(-1). Suppose -11*r = -6*r - 125. Let v = m - r. What is the tens digit of v?
5
Suppose 80*u - 72*u = 10992. What is the tens digit of u?
7
Let z = -22 - -30. Suppose 0 = y + z*y - 81. What is the units digit of y?
9
Let t = -6 + 10. Let b = t - -3. Let a(r) = 3*r - 3. What is the units digit of a(b)?
8
Suppose 3*s - s + 240 = 0. Let l be ((-2)/(-8))/((-10)/s). What is the units digit of 4 - l - -21 - -1?
3
Let q = -17221 + 9408. What is the tens digit of 1/7 - q/91?
8
Let t be ((-691)/(-5))/(3/15). Suppose 5*l - t = -4*o - 111, -245 = -2*l + o. What is the hundreds digit of l?
1
Let d = -53 - -38. Let p = -5 - d. What is the tens digit of 111/6 + (-5)/p?
1
What is the tens digit of 2 - -147*8/6?
9
Let d = -1516 + 3855. What is the thousands digit of d?
2
Suppose -6*p + 3*p - 18 = 0. Let z be (2 + 6/(-4))*42. Let f = p + z. What is the tens digit of f?
1
Suppose 0*d + 115 = d + 4*z, 0 = -4*d + z + 528. What is the units digit of d?
1
Suppose -6*v + 5*v = -910. What is the units digit of v?
0
Let u = -11 - -11. Suppose u = -5*d + 10*d. Let r(j) = -j**3 - j + 37. What is the units digit of r(d)?
7
Suppose 2*x = 7*x + h - 221, -3*x + 137 = 5*h. Let s = -24 - x. Let m = -4 - s. What is the units digit of m?
4
Suppose -2*i = -0*i. Suppose i = 4*r - 2*r + 12. What is the units digit of 2/(r/(-27)) - 1?
8
Let r(y) = y + 11. Let q be r(-6). Suppose -16 = -q*c + 9. What is the units digit of c?
5
Suppose 4*r + 3*z = 4*z + 260, 3*r + 5*z = 195. Let m be r - (-1 + (6 - 3)). Suppose 4*q = 73 + m. What is the tens digit of q?
3
Let i(p) be the first derivative of p**4/4 - 2*p**3/3 - 2*p**2 + 4*p - 26. What is the tens digit of i(6)?
2
Suppose -3*d - 7*w + 6*w = -2144, 2*d - 1436 = w. What is the units digit of d?
6
Suppose 0 = 3*o - 21 - 15. Suppose o*h - 3*h = 1089. What is the units digit of h?
1
Suppose -13593 = -6*p - 2049. What is the hundreds digit of p?
9
Suppose 0 = 12*p - 3*p - 9. What is the tens digit of -2 - 18*p*-18?
2
What is the units digit of 9/(-3) + (10 - -1212)?
9
Let p = 550 + -381. What is the units digit of p?
9
Suppose 6*y - y = -s + 10,